 Let y be r(v). What is the highest common divisor of y and 143?
13
Let s = 842 - 545. Calculate the highest common divisor of s and 27.
27
Suppose 0 = -3*h - 3*m, -2*h + 13 - 4 = -m. Suppose -h*k - k = 96. Let u = k + 40. What is the greatest common factor of u and 8?
8
Suppose -1 + 25 = 2*r. What is the greatest common factor of r and 36?
12
Let f be (-4)/10 + (-2481)/(-15). Let o = f + -114. What is the highest common divisor of o and 34?
17
Let u(h) be the third derivative of -h**4/8 - 5*h**3/6 - h**2. Let q be u(-6). What is the greatest common factor of 91 and q?
13
Let f(v) = -2*v + 3. Let o be f(0). What is the greatest common divisor of o and 3?
3
Let s = 20 + -10. Let d = 24 - s. What is the highest common divisor of d and 2?
2
Let f = 28 + -39. Let k be (f/(-4))/(4/32). What is the highest common factor of 88 and k?
22
Let i = 11 - 21. Let f(x) = x**2 + 7*x + 3. Let n be f(i). Let o be 394/11 - (-6)/n. Calculate the highest common factor of 4 and o.
4
Suppose 4*m - 309 = 475. Calculate the highest common divisor of 28 and m.
28
Let j = 2 - 0. Suppose 0*z = -j*z. Suppose 0*s - 10 = -5*s, 4*a - s - 278 = z. What is the greatest common factor of a and 10?
10
Suppose 4*b + 0*b - 68 = 0. Suppose -83 = -5*m + b. Let v(h) = 3*h**2 - 4*h - 5. Let t be v(5). What is the highest common divisor of m and t?
10
Let f = 23 - 14. Let g be f/(-3) - -19 - 4. What is the highest common factor of 12 and g?
12
Suppose -3 = -4*d + y, d + 4*y = 4*d + 14. Suppose -z + 3*u = -0*z - 33, 88 = 3*z + d*u. What is the greatest common divisor of 10 and z?
10
Suppose -2*m = -g - 4, 0 = 2*g - 2*m - 1 + 19. Let q = 0 - g. What is the highest common divisor of 28 and q?
14
Suppose -2*a + 9*a - 896 = 0. What is the highest common factor of a and 16?
16
Suppose -15*v + 17*v = 16. Calculate the highest common factor of v and 12.
4
Suppose 5*l - 7*l + 24 = 0. What is the greatest common divisor of 60 and l?
12
Let a be (-4)/(-26) + 50/13. Suppose -a*j - 71 = -3*c, 2 - 6 = 2*j. What is the highest common divisor of 3 and c?
3
Suppose d - 1 = 8. Calculate the greatest common divisor of d and 9.
9
Let y = 4 - 4. Suppose 2*q - 27 - 9 = y. Suppose -2*p + q = -2. Calculate the highest common divisor of 40 and p.
10
Suppose -2*b - 117 = -1557. Suppose 0 = 2*j + 8, 4*c + 5*j = j + b. Let n = c - 107. What is the greatest common divisor of n and 11?
11
Let a be 6/12*38*1. Calculate the greatest common factor of 19 and a.
19
Let p be (-5)/(75/(-18))*-5. Let w = -3 - p. Calculate the highest common divisor of w and 6.
3
Let v = -4 + 6. Suppose 3*h - y - 60 = v*y, -y - 74 = -4*h. Let l = h + -3. Calculate the greatest common divisor of 3 and l.
3
Let u be 32/6*(-3)/(-2). Calculate the highest common divisor of 4 and u.
4
Let b be 4/(1 - (2 - 3)). Suppose b*i = 6*i - 304. Suppose -5*p + p = -i. What is the greatest common factor of p and 171?
19
Suppose 5*d - 93 = -2*f - 0*d, 145 = 5*f - 5*d. Let p = 2 - 15. Let u = p + f. What is the highest common divisor of u and 189?
21
Let t(f) = f**2 - 8*f**2 - f**2 - f**3 + f**2 + 7*f. Let a be t(-8). Calculate the highest common divisor of 24 and a.
8
Suppose -4*u - 3 + 99 = 5*y, y - 2*u = 8. Let c be 2/8 - 36/y. Let h be ((-4)/2)/(1*c). Calculate the highest common factor of 8 and h.
1
Suppose -2*u + 3*u = 0. Suppose 2*t - 23 + 1 = u. Suppose t = -0*h + h. Calculate the greatest common factor of 88 and h.
11
Let y(s) = -23*s - 17. Let p be y(-3). Let t(z) = 2*z**2 - 8*z + 2. Let l be t(6). Calculate the greatest common factor of p and l.
26
Let d = -15 - -92. Let w be 2/2*(1 + -16). Let j = w - -26. Calculate the greatest common divisor of d and j.
11
Suppose 2*m = -4*m + 72. What is the highest common factor of 30 and m?
6
Suppose 2*v - 10 = -3*v. Let h be v*6*(-18)/(-8). Let b be 3/(((-8)/36)/((-6)/9)). What is the highest common divisor of b and h?
9
Let b = 91 + -46. Suppose b = 4*h + 5. What is the greatest common divisor of 30 and h?
10
Suppose -10 = -3*c - 2*j, -40 = -5*c + 4*j - 16. Suppose 0 = -c*v + 3*o + 240, v - o + 0*o - 60 = 0. Calculate the highest common factor of 15 and v.
15
Let r = -73 - -160. Suppose f + v = -3*f + 113, -4*v - 41 = -f. What is the greatest common factor of f and r?
29
Suppose -3*k = k + 320. Let f be k/(-12)*12/10. Suppose -291 = -4*l - 3. Calculate the greatest common divisor of f and l.
8
Let h(n) = -n + 2. Let w be h(-2). Let d(s) = s**2 - 3*s. Let l be d(w). Let p = l + 3. Calculate the greatest common factor of 77 and p.
7
Let z be ((-26)/4)/((-1)/2). Let p = -7 - -12. Suppose -p*i = -42 - 88. What is the highest common divisor of i and z?
13
Let k = -11 - 32. Suppose -3*t + 110 = -8*t. Let f = t - k. Calculate the greatest common divisor of 7 and f.
7
Suppose 0 = -h - h - 10. Let i = h + 26. Suppose -t + 39 + 3 = 0. Calculate the greatest common divisor of i and t.
21
Let h = -2 - -4. Suppose 2*i = -4*u + 16, -h*i - 2*u = -4*i + 16. Calculate the greatest common factor of 8 and i.
8
Suppose -13 = -3*r + 2*c + 46, 2*r - 2*c = 42. Calculate the greatest common factor of r and 153.
17
Let d = -53 - -56. Calculate the greatest common divisor of d and 15.
3
Let p = 4 + 1. Suppose -3 = d - 7. Suppose -4*z - d*k + 17 = -3, 0 = -p*k - 5. What is the highest common factor of z and 6?
6
Let u(y) = -7*y - 2. Let n be u(-4). Calculate the highest common factor of n and 26.
26
Suppose 0 = 3*g - 6*g + 30. Let s be 12/g*5/2. Suppose 15 = -s*l + 4*l. What is the greatest common divisor of 10 and l?
5
Let g be ((-77)/(-3))/(4/(-12)). Let z = 140 + g. Let i(m) = m + 3. Let f be i(4). What is the greatest common divisor of f and z?
7
Let m(p) = p**2 - 5*p + 6. Let j be m(10). Suppose j = -3*r + 7*r. Calculate the greatest common factor of 2 and r.
2
Let y be (-305)/(-10) + 1 + 9/(-6). Let m(q) = -q**3 + 3*q**2 + 3*q. Let i be m(-3). Calculate the greatest common factor of i and y.
15
Let a be (-4)/(-26) - (-228)/39. Let y be -1 + (-26)/a*-3. What is the greatest common divisor of 4 and y?
4
Let w be (-276)/(-16) + (-6)/(-8). Let v be w/8 + (-4)/16. Calculate the highest common divisor of v and 16.
2
Let h be (-16)/(-112) + (-20)/(-14)*2. Suppose -75 = -3*u - 3. Calculate the greatest common divisor of h and u.
3
Suppose 0*t - 4*t - 16 = 0. Let c be 716/7 + t/14. Calculate the highest common factor of c and 17.
17
Suppose 3*d = -d + 4. Let y(f) = 11*f**2 - f + 2*f - 1 + 0. Let s be y(d). What is the highest common factor of 44 and s?
11
Let m(o) = -13*o - 1. Let h be m(-1). Let j = 21 - h. Suppose -7 - j = -2*n. What is the highest common divisor of 20 and n?
4
Suppose -2*a = 5*v - 284, -269 = -4*v - 2*a - 41. Suppose -4*g - 4*u = -3 - 17, -5*u = 4*g - 17. What is the highest common divisor of v and g?
8
Let y be 1 + 10*1/2. Let n = y - 3. Suppose 432 = l + n*l. Calculate the greatest common divisor of 12 and l.
12
Let l(t) = -19*t - 4. Let w be l(-1). Let c(f) = -6*f**2 - 5 - f**2 - 2*f**3 + f - 8*f. Let i be c(-5). Calculate the greatest common divisor of i and w.
15
Let q be 246/6 - 6/2. Let t be (-58)/(-1) + -1 + 0. Calculate the greatest common factor of q and t.
19
Let j = 2 + 1. Let f = 290 + -176. Suppose -t - 84 = -5*k + f, -j*t = 5*k - 206. What is the greatest common divisor of k and 16?
8
Let j(w) = w + 9. Let g be j(0). Suppose 5*y - 108 = 2*y. Calculate the greatest common divisor of g and y.
9
Suppose w + w = -3*q + 115, 0 = 2*w + 2*q - 110. Calculate the highest common divisor of w and 150.
50
Suppose 0 = -m - 9 - 19. Let o be 68/18 - (-6)/27. Let x be m/8*o/(-1). What is the greatest common divisor of x and 112?
14
Let u be (-24)/(-2)*1/2. Let s be 48/9*9/2. What is the greatest common factor of s and u?
6
Let k = -66 + 40. Let w be 12/(-18) + k/(-3). What is the greatest common divisor of 1 and w?
1
Suppose 1 = 2*d - 3. Suppose 3*k - 27 = -3*m, d*k = 5*m - 0 - 10. Suppose 4*o - 71 = -k*x, 2*o + 11 + 36 = 3*x. What is the highest common factor of x and 15?
15
Let u(w) = -w**3 - 6*w**2 - 6*w + 5. Let h = -14 - -9. Let i be u(h). Let s = -1 + i. What is the highest common divisor of s and 63?
9
Suppose -s + 6*s + 68 = 4*v, -2*s = 4*v - 96. Calculate the highest common factor of 242 and v.
22
Let h = 16 + -10. Let k be h/10*(2 + 3). Suppose -k*q + 72 = q. Calculate the highest common factor of q and